
2, 5, 257, 2411
What are the prime factors of 1368224?
2, 11, 13, 23
List the prime factors of 442840.
2, 5, 11071
List the prime factors of 663544.
2, 7, 17, 41
What are the prime factors of 529855?
5, 105971
What are the prime factors of 3758379?
3, 383, 3271
What are the prime factors of 525782?
2, 151, 1741
List the prime factors of 50505.
3, 5, 7, 13, 37
What are the prime factors of 2920251?
3, 47, 139, 149
What are the prime factors of 2362798?
2, 571, 2069
What are the prime factors of 10658107?
19, 167, 3359
What are the prime factors of 175878?
2, 3, 3257
What are the prime factors of 8048229?
3, 7, 19, 23, 877
What are the prime factors of 770860?
2, 5, 38543
What are the prime factors of 16057925?
5, 13, 49409
What are the prime factors of 18177249?
3, 37, 83, 1973
What are the prime factors of 262283?
7, 89, 421
What are the prime factors of 89906?
2, 44953
List the prime factors of 7284201.
3, 19, 47, 2719
What are the prime factors of 154068?
2, 3, 37, 347
What are the prime factors of 33912722?
2, 17, 997433
List the prime factors of 2303534.
2, 17, 67751
What are the prime factors of 8987961?
3, 71, 42197
List the prime factors of 1151502.
2, 3, 11, 73, 239
What are the prime factors of 40175711?
40175711
List the prime factors of 213059.
7, 11, 2767
List the prime factors of 4721417.
23, 103, 1993
What are the prime factors of 1472461?
1472461
List the prime factors of 337125.
3, 5, 29, 31
List the prime factors of 1080083.
1080083
List the prime factors of 703385.
5, 140677
List the prime factors of 37301.
11, 3391
What are the prime factors of 1969534?
2, 7, 140681
What are the prime factors of 1299733?
19, 67, 1021
List the prime factors of 142625.
5, 7, 163
What are the prime factors of 4183547?
17, 67, 3673
What are the prime factors of 3485392?
2, 31, 7027
List the prime factors of 19471914.
2, 3, 7, 11, 223
List the prime factors of 14761588.
2, 3690397
List the prime factors of 8508.
2, 3, 709
What are the prime factors of 1813637?
7, 37013
What are the prime factors of 87487?
89, 983
What are the prime factors of 286605?
3, 5, 11, 193
List the prime factors of 1115518.
2, 557759
List the prime factors of 20680251.
3, 6893417
What are the prime factors of 3425420?
2, 5, 171271
What are the prime factors of 14592161?
1163, 12547
What are the prime factors of 297681?
3, 67, 1481
What are the prime factors of 1341728?
2, 23, 1823
List the prime factors of 2445418.
2, 223, 5483
List the prime factors of 296278.
2, 148139
What are the prime factors of 2727066?
2, 3, 61, 7451
What are the prime factors of 1737657?
3, 193073
What are the prime factors of 3856067?
3856067
What are the prime factors of 518316?
2, 3, 47, 919
What are the prime factors of 1489638?
2, 3, 19, 73, 179
List the prime factors of 900018.
2, 3, 7, 2381
List the prime factors of 252807.
3, 17, 4957
List the prime factors of 17781728.
2, 17, 32687
What are the prime factors of 48866?
2, 53, 461
List the prime factors of 6202058.
2, 3101029
What are the prime factors of 1338253?
7, 37, 5167
List the prime factors of 3895903.
11, 149, 2377
What are the prime factors of 10074126?
2, 3, 43, 39047
What are the prime factors of 259814?
2, 37, 3511
What are the prime factors of 823089?
3, 17, 16139
What are the prime factors of 269475?
3, 5, 3593
What are the prime factors of 1119703?
13, 86131
List the prime factors of 905118.
2, 3, 61, 2473
List the prime factors of 10741731.
3, 7, 11, 13, 73
What are the prime factors of 3480681?
3, 1160227
What are the prime factors of 2302891?
127, 18133
What are the prime factors of 4144433?
313, 13241
What are the prime factors of 7565025?
3, 5, 13, 7759
List the prime factors of 68165.
5, 13633
List the prime factors of 4356408.
2, 3, 7, 25931
List the prime factors of 1378448.
2, 101, 853
What are the prime factors of 8235383?
13, 41, 15451
What are the prime factors of 1305403?
11, 118673
List the prime factors of 264455.
5, 227, 233
What are the prime factors of 999415?
5, 137, 1459
What are the prime factors of 722991?
3, 240997
What are the prime factors of 56414?
2, 67, 421
What are the prime factors of 5040569?
31, 277, 587
What are the prime factors of 25175?
5, 19, 53
List the prime factors of 295477.
7, 13, 17, 191
What are the prime factors of 364305?
3, 5, 149, 163
List the prime factors of 15235529.
15235529
What are the prime factors of 45392?
2, 2837
List the prime factors of 948126.
2, 3, 29, 5449
List the prime factors of 41900.
2, 5, 419
List the prime factors of 16264232.
2, 101, 20129
What are the prime factors of 6955079?
137, 50767
List the prime factors of 145552.
2, 11, 827
List the prime factors of 5041423.
211, 23893
What are the prime factors of 2699614?
2, 1349807
What are the prime factors of 3854068?
2, 37, 26041
List the prime factors of 1199769.
3, 47, 67, 127
What are the prime factors of 776570?
2, 5, 79, 983
List the prime factors of 1583693.
53, 29881
List the prime factors of 6064146.
2, 3, 11, 41, 83
What are the prime factors of 506733?
3, 53, 3187
List the prime factors of 1415687.
7, 13, 47, 331
List the prime factors of 77054.
2, 59, 653
What are the prime factors of 1583917?
1583917
What are the prime factors of 8324585?
5, 31, 43, 1249
List the prime factors of 4980496.
2, 37, 47, 179
What are the prime factors of 542426?
2, 367, 739
List the prime factors of 208829.
19, 29, 379
What are the prime factors of 6309708?
2, 3, 525809
List the prime factors of 19327.
7, 11, 251
List the prime factors of 36989794.
2, 337, 54881
List the prime factors of 2440211.
2440211
List the prime factors of 289645.
5, 53, 1093
What are the prime factors of 2351082?
2, 3, 391847
List the prime factors of 170505.
3, 5, 421
What are the prime factors of 325799?
73, 4463
What are the prime factors of 827427?
3, 83, 3323
List the prime factors of 27478981.
27478981
What are the prime factors of 12167586?
2, 3, 675977
List the prime factors of 229926.
2, 3, 38321
List the prime factors of 256195.
5, 51239
What are the prime factors of 2923413?
3, 127, 7673
List the prime factors of 146083.
7, 41, 509
What are the prime factors of 272872?
2, 23, 1483
List the prime factors of 12442819.
3067, 4057
List the prime factors of 243811.
479, 509
What are the prime factors of 597761?
597761
What are the prime factors of 48683?
89, 547
List the prime factors of 14125183.
2579, 5477
List the prime factors of 5168335.
5, 1033667
What are the prime factors of 945914?
2, 17, 43, 647
What are the prime factors of 1864744?
2, 7, 67, 71
What are the prime factors of 140309?
13, 43, 251
What are the prime factors of 655961?
655961
List the prime factors of 745802.
2, 372901
What are the prime factors of 2787469?
37, 75337
List the prime factors of 10276082.
2, 5138041
What are the prime factors of 12550655?
5, 13, 293, 659
What are the prime factors of 929394?
2, 3, 5737
List the prime factors of 577580.
2, 5, 28879
What are the prime factors of 645238?
2, 11, 139, 211
What are the prime factors of 261098?
2, 19, 6871
List the prime factors of 3763367.
1061, 3547
List the prime factors of 2023498.
2, 1011749
List the prime factors of 21959663.
11, 1996333
What are the prime factors of 740394?
2, 3, 13711
List the prime factors of 3810738.
2, 3, 757, 839
List the prime factors of 1228903.
13, 94531
List the prime factors of 973998.
2, 3, 17, 1061
List the prime factors of 3355254.
2, 3, 7, 31, 859
List the prime factors of 273415.
5, 149, 367
List the prime factors of 1321085.
5, 37, 193
What are the prime factors of 3811700?
2, 5, 47, 811
List the prime factors of 8138620.
2, 5, 7, 61, 953
List the prime factors of 435550.
2, 5, 31, 281
List the prime factors of 293399.
293399
List the prime factors of 8846684.
2, 7, 11, 28723
List the prime factors of 2661781.
2661781
What are the prime factors of 12413607?
3, 53, 101, 773
List the prime factors of 1065462.
2, 3, 239, 743
What are the prime factors of 1022101?
31, 32971
What are the prime factors of 1203223?
7, 171889
What are the prime factors of 364223?
364223
What are the prime factors of 58904?
2, 37, 199
What are the prime factors of 108495?
3, 5, 2411
List the prime factors of 16637604.
2, 3, 157, 8831
What are the prime factors of 2512293?
3, 7, 119633
W